**2 + 10*q - 8. Let s(o) = -2*n(o) - 5*z(o). Determine s(y).
-15
Suppose 3*r = -r - t + 55, -3*r + 38 = 4*t. Let p be 4/r - 240/(-42). Let u be (-12)/8 + (-9)/p. Let y(k) = -k**3 - 3*k**2 + k - 3. What is y(u)?
-6
Let b(l) = -11*l + 3 - 1 + 3 - 12. Determine b(1).
-18
Let u(y) = -y**2 + 4 - 32*y + 2 + 26*y + 2. Determine u(-6).
8
Let j be 4/18 + (-16)/(-9). Let g be ((-5)/j)/(2/4). Let h(o) be the first derivative of o**3/3 + 5*o**2/2 - 6*o - 40. Determine h(g).
-6
Let n be (9/(-6))/((-9)/6). Let q(x) = -1. Let v(i) = -i - 1. Let y(d) = n*v(d) - 5*q(d). Give y(-7).
11
Let g(d) = 3*d - 6. Let w = -27 - -30. Let o(z) = z + 3. Let b be o(w). Suppose 7 - 19 = -2*q + m, -q + 3*m = -b. What is g(q)?
12
Let d(c) be the first derivative of c**2/2 + 14*c - 115. Determine d(-8).
6
Let z(t) be the second derivative of -t**4/2 + t**3/6 - t. Suppose -2*n - 4 = -2*x, 0*n - 2*n = -5*x + 13. Suppose -m = -0 - n. What is z(m)?
-5
Let a(x) = 4*x**3 - x**2 - x - 1. Suppose 4*w - 3*s + 7 = 0, -3*w + s + 11 = 2*s. Let y be a(w). Let q be 26/5 + (-5)/y. Let g(p) = p**2 - 5*p. What is g(q)?
0
Let p(w) = w - 11. Let b be p(9). Let t(v) be the second derivative of 0 + 1/20*v**5 + 3/2*v**2 - 2*v + 2/3*v**3 + 1/4*v**4. Determine t(b).
-1
Let b(g) = -g**3 + 8*g**2 - 7*g + 6. Suppose 5*n - 94 = 3*s - 1, 0 = -4*n + s + 80. Suppose 0*t - n = -3*t. Calculate b(t).
6
Let b = 9 - 7. Let a(c) = -1 + c - c + 3*c - b*c. Give a(6).
5
Let v(g) = g**2 + 7*g - 12. Suppose -2*h - 38*b - 6 = -34*b, 4*h + 5*b = -21. What is v(h)?
6
Let a(r) = r - 345429 - 2*r**2 + 4*r**2 + 345434 + r. What is a(-2)?
9
Let k be (-21)/(-14)*5/((-15)/(-4)). Let j(h) = -2*h**3 + 3*h - 2. Give j(k).
-12
Let d(q) = q + 1. Let s(b) = -b - 4. Let y(k) = -3*d(k) - s(k). Let v = 64 - 74. Let g be (0 - 2/(-4))*v. Determine y(g).
11
Let l = 523 + -523. Let x(r) = -r**3 - r + 1. What is x(l)?
1
Let z(r) = -r**3 + 16*r**2 - 16*r + 18. Let t be z(15). Let h(d) = 3*d - 10 - 2*d + 7*d**3 - 6*d**t - 5. Give h(0).
-15
Let t(j) be the first derivative of j**4/4 - 5*j**3/3 - 3*j**2/2 + 3*j - 47. Calculate t(5).
-12
Let u(t) = -t**2 + 11*t - 20. Let c(m) = m**3 - 8*m**2 + 18*m - 69. Let j be c(7). Give u(j).
4
Suppose 0 = -m - x, -5*x - 108 = 3*m - 114. Let p(j) = -2*j**2 - 6*j - 4. Give p(m).
-4
Let v(j) = 6*j - 11. Let f(q) = 7*q - 16. Let l(b) = 2*f(b) - 3*v(b). Give l(7).
-27
Let v(f) = 3*f + 2 + 0 - 2*f - 3*f. Calculate v(-5).
12
Let r(z) = z**3 - 4*z**2 + 4*z - 12. Let p be r(5). Suppose -2*v + 6*b = 2*b + 20, p = -4*v + b. Let q(u) = u**3 + 8*u**2 + 6. Give q(v).
6
Suppose -3*g = -3*z - 51, -5*g - 2*z - 2*z + 58 = 0. Let i be (-7)/(g/(-4)) + 0. Let o be (5/(-2))/(-1)*i. Let j(m) = -m**3 + 6*m**2 - 7*m + 2. Calculate j(o).
-8
Let y be ((-8)/(-3))/(15/(-45)). Let j(l) = -3*l - 15. Give j(y).
9
Let q(h) = h**3 - 6*h**2 + 2*h + 4. Suppose -2*m - 9*p - 4 = -12*p, -12 = m - 4*p. Give q(m).
-20
Let d(k) be the third derivative of k**4/24 - k**3/2 + 36*k**2 - 5*k. Calculate d(3).
0
Let r(f) = -f**2 - f + 2. Suppose 161*i = 164*i - 6. Calculate r(i).
-4
Let g(r) = -r**2 + r - 19. Let f = -406 + 406. Determine g(f).
-19
Let o(y) be the first derivative of 3*y**2/2 - 5*y + 1. Let k(m) = 3*m - 31. Let g be k(-5). Let v = g + 50. Give o(v).
7
Let q(u) = u**3 - 7*u**2 + 11*u - 13. Suppose 688*l + 35 = 695*l. What is q(l)?
-8
Let s(n) = -14 - 960*n + 1918*n - 959*n. What is s(-3)?
-11
Suppose 0 = 2*a + w + 2, 0*a + 4*w = 3*a - 19. Let u(z) = z - 8 - 6 - a + 18. Give u(-5).
-2
Let r(h) = h**3 - 5*h**2 + 3*h + 5. Let x = 36 + -27. Suppose 9*s = 27 + x. Calculate r(s).
1
Let i(z) be the second derivative of z**4/6 - 2*z**3/3 - 7*z**2/2 - 9*z - 4. Calculate i(4).
9
Let j(t) = -t**2 + 16*t + 8. Let y = 2655 + -2640. Determine j(y).
23
Let s = 16 - 11. Let n be s + (-6)/(-3 - -5). Let d(p) = -6 + 4 + p**3 + n*p**2 - 18*p + 16*p. What is d(-2)?
2
Let q(l) be the third derivative of -7*l**4/6 - 98*l**2. Give q(1).
-28
Let c(o) = -o**2 + o - 1. Let l be c(0). Let t(q) = 8*q - 6. Let p(k) = -2 - 6 + 6 + 7 - 7*k. Let y(n) = 6*p(n) + 5*t(n). Give y(l).
2
Let o(k) = k**2 + 4*k. Let c be o(-4). Suppose -2*b - 1 = -r - 0*b, 4*r - 4*b - 12 = c. Let x(g) = r*g - 9 + 5 + 5. What is x(-3)?
-14
Let h = 12 - 7. Let u be 3/(-1) + 0 + h. Let p(v) = -u*v**3 + 1 - 15*v**2 - 3*v**3 + 15*v**2. What is p(-1)?
6
Let h be (-54)/(-10) - 10/25. Let u(q) = -q - 11. Let w be u(-14). Let r(s) = h*s**2 + 16 + s**w - 6*s**2 + 0*s**3. What is r(0)?
16
Let a be 16/3 + 1/(-3). Let y(x) = -x**3. Let o(j) = 3*j**3 - 5*j**2 - j + 2. Let d = 36 - 38. Let b(g) = d*y(g) - o(g). What is b(a)?
3
Suppose 0 = k - 6*k. Let o(c) = -c**2 + c + 15. Determine o(k).
15
Let h(i) be the second derivative of -i**4/12 - i**3/3 + 11*i**2/2 - 5*i. Let v(f) be the first derivative of h(f). Determine v(-5).
8
Let p(c) = 5*c**3 + 7*c**2 - 3*c - 20. Let n(u) = 8*u**3 + 14*u**2 - 6*u - 41. Let l(h) = 3*n(h) - 5*p(h). Calculate l(6).
-5
Let a = -121 - -117. Let d(y) = -y**3 - 5*y**2 - 6*y - 6. Let z be d(-4). Let p(h) = -z*h - 1 - 3 + 3. Give p(a).
7
Let x(r) be the third derivative of -r**6/120 - r**5/10 + r**4/24 + r**3/6 + 336*r**2. What is x(-6)?
-5
Let l(t) = -3*t + t + 14 + 2*t + t. Let h be l(-9). Let c(n) be the third derivative of -n**6/120 + n**5/10 - n**4/6 - 2*n**3/3 + 3*n**2. Determine c(h).
1
Let g(d) = 3*d**2 + 0*d**3 - d**3 - 2*d + 0*d**3 + 4*d - 1. Let q = 19 + -16. What is g(q)?
5
Let p(s) = -10*s - s + 18*s - 6*s. Suppose -2*y - 2 = 4. Let i be y/((-6)/(-2)) + 2. What is p(i)?
1
Let r be (-18)/30 + (-26)/(-10). Suppose 0 = -2*m + 4*z - 4, 0 = -3*m + 4*z - r. Let p(c) = -5 - 6 + 43*c**m - 42*c**2 - c. Calculate p(0).
-11
Let m(x) = 4*x - x**2 + 0 - 3 - 2. Suppose 3*z - 6 + 0 = 0. Suppose -33 + 23 = -z*q. Give m(q).
-10
Let q(p) = -3*p**2 - p - p**2 + p**3 - 4*p**2 - 1 + 5. Suppose -4*w + 0 + 32 = 0. What is q(w)?
-4
Let x(v) = 2*v - 3. Let m(t) = -3*t + 5. Suppose b = 3*b + 6. Let h(q) = b*m(q) - 5*x(q). Give h(-3).
3
Suppose 5*z + 159 + 391 = 0. Let p be z/(-4)*8/10. Suppose 3*m + h = -2, -h = -5*m + 2*h - p. Let r(o) = -o**3 + o - 1. Calculate r(m).
5
Suppose 2*o - 5 - 3 = 0. Let x(a) = -14*a**2 - 14*a + 8. Let p(u) = 5*u**2 + 5*u - 3. Let n(m) = o*x(m) + 11*p(m). What is n(-3)?
-7
Let b(q) = -36*q**2 + 4 - 51*q - 2*q**3 + 29*q + 46*q**2 + q**3. Determine b(7).
-3
Suppose -4 - 11 = 3*l, -3*l - 20 = -5*k. Let g(s) be the first derivative of -3*s**3/2 - 16*s - 56. Let b(f) be the first derivative of g(f). Calculate b(k).
-9
Let r(p) = -3 + p + 4*p - 3*p - 3*p. Let j be 2/(-3) + 160/(-30). Give r(j).
3
Let v(f) = -29 - 35 - 4*f + 2*f + 55 + 4*f. What is v(0)?
-9
Let m(r) = 17*r**3 + 10*r**2 + 11*r + 10. Let q(g) = 11*g**3 + 7*g**2 + 8*g + 7. Let h(l) = -5*m(l) + 7*q(l). Calculate h(1).
-9
Let n(o) = -7*o**3 - 10*o**2 + 9*o - 6. Let f(t) = -5*t**3 - 9*t**2 + 8*t - 6. Let x(r) = -4*f(r) + 3*n(r). What is x(4)?
18
Let m(u) = 21 + 16*u - 2*u + 13 - 21*u - u**2 + 9*u. What is m(7)?
-1
Let v(a) = 11 + 8 + 4 - a**3 + a - 25 + 4*a**2. Give v(3).
10
Let f(v) be the third derivative of -v**7/280 - v**6/720 + 5*v**4/6 + 35*v**2. Let t(w) be the second derivative of f(w). What is t(-1)?
-8
Let n(q) = 3*q + 1. Suppose 14*w + 20 = 18*w. Determine n(w).
16
Let m(r) = r - 7. Let k be m(5). Let h be k + -2*(5 + -4). Let c(i) be the third derivative of -i**6/120 - i**5/12 - i**4/24 - i**3/3 - i**2. Determine c(h).
-14
Let p(s) be the first derivative of -5*s**2 + 2*s + 104. Calculate p(-2).
22
Let v(s) = -4*s**2 - 4*s - 2. Let j(q) be the second derivative of q**5/20 - q**3/6 - q**2/2 - 30*q. Let m(x) = j(x) - v(x). Give m(-4).
-11
Let d(i) = -7*i + 15. Let h(c) = 41*c + 47. Let o be h(-1). Calculate d(o).
-27
Let f(c) = -c**2 + 12*c + 4. Suppose -4*r + 2*r = -4*n + 46, 0 = 3*n + 3*r - 30. Calculate f(n).
15
Let j(z) = 11*z + 3. Let u be -3*(12/(-9) + 1). Let r be -1 + (0 - 2) + u. Give j(r).
-19
Let m(o) = -6 + 433*o - 433*o + 9*o**2 - o**3. Give m(8).
58
Let h(n) = 4 + n**2 - 10*n - 6*n**2 - 13*n**3 + 15*n + 3 + 12*n**3. What is h(-6)?
13
Let u(g) = -9*g + 32. Let w = 2284 + -2280. Calculate u(w).
-4
Let b(n) = 3*n**3 + 2*n**2 - n + 6. Let z(m) = m**3 + 1. Let r be (-6)/(-4) + 35/(-14). Let a(l) = r*b(l) + 4*z(l). Determine a(2).
0
Let x = 67 + -66. Let t(j) = x - 37*j**2 + 18*j**2 + 7*j**2. L